s 65 divide 978?
False
Is 1452 a multiple of 66?
True
Does 38 divide 907?
False
Does 5 divide 670?
True
Is 34 a factor of 1428?
True
Is 75 a factor of 1954?
False
Is 1428 a multiple of 12?
True
Is 54 a factor of 718?
False
Is 1274 a multiple of 13?
True
Is 13 a factor of 31655?
True
Is 9 a factor of 684?
True
Is 22 a factor of 374?
True
Does 39 divide 20431?
False
Is 98 a factor of 392?
True
Is 13 a factor of 8778?
False
Is 61 a factor of 343?
False
Does 4 divide 116?
True
Is 7105 a multiple of 29?
True
Is 2937 a multiple of 10?
False
Is 330 a multiple of 6?
True
Is 3359 a multiple of 17?
False
Is 600 a multiple of 75?
True
Is 84 a multiple of 6?
True
Does 2 divide 198?
True
Does 7 divide 26?
False
Is 3 a factor of 99?
True
Is 9156 a multiple of 28?
True
Is 43445 a multiple of 27?
False
Does 35 divide 390?
False
Does 7 divide 5047?
True
Is 259 a multiple of 6?
False
Does 35 divide 350?
True
Is 13 a factor of 13?
True
Does 39 divide 681?
False
Is 102 a factor of 5965?
False
Does 75 divide 4981?
False
Is 312 a factor of 56749?
False
Does 10 divide 89470?
True
Does 7 divide 155?
False
Is 739 even?
False
Is 39 a factor of 20943?
True
Does 12 divide 758?
False
Is 12 a factor of 1700?
False
Is 38 a factor of 39976?
True
Is 47 a factor of 1927?
True
Is 116 a factor of 644?
False
Does 10 divide 1300?
True
Is 109994 a multiple of 86?
True
Is 1277 a multiple of 65?
False
Does 71 divide 8804?
True
Does 16 divide 453?
False
Is 38 a factor of 689?
False
Does 11 divide 2824?
False
Is 149 a multiple of 28?
False
Is 20 a factor of 257?
False
Does 38 divide 3879?
False
Is 1227 a multiple of 10?
False
Is 14 a factor of 672?
True
Is 5 a factor of 396?
False
Is 59 a factor of 43847?
False
Is 9287 a multiple of 14?
False
Is 708 a multiple of 12?
True
Is 54 a factor of 3619?
False
Does 61 divide 671?
True
Is 32390 a multiple of 205?
True
Does 3 divide 2458?
False
Is 33995 a multiple of 13?
True
Is 9841 a multiple of 10?
False
Does 11 divide 2717?
True
Does 44 divide 924?
True
Is 24 a factor of 1104?
True
Is 1024 a multiple of 2?
True
Does 52 divide 260?
True
Is 1400 a multiple of 14?
True
Is 493 a multiple of 17?
True
Is 33 a factor of 687?
False
Does 29 divide 5273?
False
Is 238 a multiple of 14?
True
Is 3717 a multiple of 21?
True
Is 857 a multiple of 3?
False
Does 31 divide 527?
True
Is 20808 a multiple of 36?
True
Does 10 divide 17657?
False
Does 32 divide 4256?
True
Does 20 divide 500?
True
Is 18 a factor of 11103?
False
Is 20512 a multiple of 14?
False
Is 29 a factor of 3045?
True
Does 10 divide 799?
False
Is 3 a factor of 744?
True
Does 36 divide 7546?
False
Is 1258 a multiple of 34?
True
Is 902 a multiple of 5?
False
Does 10 divide 4610?
True
Is 3355 a multiple of 6?
False
Is 135 a factor of 65587?
False
Is 1549 a multiple of 56?
False
Is 36 a factor of 1850?
False
Does 59 divide 1800?
False
Does 61 divide 4875?
False
Is 123 a multiple of 58?
False
Does 155 divide 4365?
False
Is 20 a factor of 8246?
False
Is 1938 a multiple of 38?
True
Is 7 a factor of 845?
False
Is 4 a factor of 14553?
False
Is 93 a factor of 168?
False
Is 93621 a multiple of 17?
False
Does 184 divide 43056?
True
Does 59 divide 3068?
True
Is 5025 a multiple of 25?
True
Is 199 a multiple of 14?
False
Does 38 divide 20432?
False
Is 69 a factor of 621?
True
Is 3744 a multiple of 52?
True
Is 19453 a multiple of 13?
False
Is 19450 a multiple of 11?
False
Is 47840 a multiple of 13?
True
Is 1485 a multiple of 119?
False
Is 2039 a multiple of 89?
False
Does 10 divide 160?
True
Is 56 a factor of 504?
True
Is 19 a factor of 12198?
True
Is 14126 a multiple of 121?
False
Is 26 a factor of 519?
False
Does 88 divide 968?
True
Is 5865 a multiple of 23?
True
Does 17 divide 3015?
False
Does 10 divide 1250?
True
Does 69 divide 1433?
False
Is 205 a multiple of 19?
False
Does 10 divide 1560?
True
Does 43 divide 13089?
False
Is 28 a factor of 728?
True
Is 2 a factor of 1717?
False
Is 22 a factor of 1256?
False
Is 162 a factor of 33308?
False
Does 76 divide 10336?
True
Does 85 divide 1190?
True
Is 27648 a multiple of 216?
True
Does 17 divide 335?
False
Is 7 a factor of 268?
False
Is 693 a multiple of 63?
True
Does 26 divide 468?
True
Is 15312 a multiple of 44?
True
Is 66290 a multiple of 31?
False
Is 10 a factor of 56?
False
Is 25 a factor of 375?
True
Does 36 divide 2162?
False
Is 54 a factor of 3834?
True
Does 27 divide 18423?
False
Is 31 a factor of 30969?
True
Does 83 divide 17830?
False
Is 11 a factor of 95625?
False
Does 33 divide 396?
True
Does 176 divide 704?
True
Does 11 divide 4906?
True
Does 45 divide 72636?
False
Is 609 a multiple of 29?
True
Does 6 divide 3902?
False
Is 70926 a multiple of 101?
False
Does 13 divide 22094?
False
Is 11 a factor of 1226?
False
Does 16 divide 1392?
True
Does 32 divide 9696?
True
Is 15 a factor of 765?
True
Does 17 divide 3892?
False
Is 11 a factor of 22440?
True
Does 48 divide 121920?
True
Is 117 a multiple of 11?
False
Is 2323 a multiple of 23?
True
Is 14 a factor of 31976?
True
Does 28 divide 121448?
False
Is 72 a multiple of 4?
True
Is 23936 a multiple of 34?
True
Is 36936 a multiple of 24?
True
Is 1760 a multiple of 55?
True
Is 504 a multiple of 13?
False
Is 4356 a multiple of 11?
True
Is 2976 a multiple of 12?
True
Does 134 divide 2214?
False
Is 98 a factor of 4606?
True
Is 74 a factor of 85120?
False
Is 12 a factor of 156?
True
Is 131 a multiple of 14?
False
Does 44 divide 472?
False
Is 10214 a multiple of 23?
False
Does 3 divide 8727?
True
Is 921 a multiple of 98?
False
Does 16 divide 48304?
True
Does 115 divide 18875?
False
Does 26 divide 19812?
True
Is 204 a factor of 38590?
False
Does 15 divide 4185?
True
Is 35954 a multiple of 25?
False
Does 99 divide 54054?
True
Is 5 a factor of 1995?
True
Is 33067 a multiple of 214?
False
Does 3 divide 30?
True
Is 113531 a multiple of 318?
False
Does 31 divide 615?
False
Is 41824 a multiple of 143?
False
Is 104 a factor of 13832?
True
Is 36 a factor of 21366?
False
Does 192 divide 17668?
False
Is 4290 a multiple of 11?
True
Is 816 a multiple of 17?
True
Does 88 divide 2816?
True
Is 2244 a multiple of 12?
True
Is 5069 a multiple of 42?
False
Is 8 a factor of 63416?
True
Is 10540 a multiple of 62?
True
Does 25 divide 90?
False
Does 24 divide 394?
False
Does 3 divide 7906?
False
Is 162 a factor of 3888?
True
Is 27 a factor of 553?
False
Does 69 divide 5414?
False
Is 48 a factor of 4518?
False
Is 9890 a multiple of 9?
False
Is 8805 a multiple of 15?
True
Is 126 a factor of 12415?
False
Is 3365 a multiple of 9?
False
Is 57 a factor of 145951?
False
Is 5 a factor of 274?
False
Is 7755 a multiple of 11?
True
Is 893 a multiple of 19?
True
Is 1462 a multiple of 34?
True
Is 17 a factor of 637?
False
Is 5490 a multiple of 18?
True
Is 2 a factor of 57?
False
Is 112 a factor of 102035?
False
Does 23 divide 1226?
False
Does 192 divide 51177?
False
Does 80 divide 2720?
True
Does 70 divide 2100?
True
Is 24 a factor of 26826?
False
Is 6 a factor of 57324?
True
Is 14 a factor of 416?
False
Is 49 a factor of 219?
False
Does 122 divide 5586?
False
Is 684 a multiple of 19?
True
Does 38 divide 7752?
True
Does 7 divide 322?
True
Is 4 a factor of 9291?
False
Is 26 a factor of 5179?
False
Does 59 divide 9517?
False
Is 90 a factor of 3749?
False
Is 266 a multiple of 2?
True
Is 495 a multiple of 11?
True
Is 34476 a multiple of 26?
True
Is 3 a factor of 1646?
False
Is 39275 a multiple of 25?
True
Is 2028 a multiple of 192?
False
Is 15 a factor of 15?
True
Does 13 divide 337?
False
Is 10683 a multiple of 18?
False
Is 5 a factor of 190?
True
Is 62730 a multiple of 18?
True
Is 309 a factor of 7525?
False
Is 52 a factor of 1613?
False
Does 17 divide 385?
False
Is 552 even?
True
Does 17 divide 11152?
True
Is 56425 a multiple of 25?
True
Is 30954 a multiple of 50?
False
Does 14 divide 1960?
True
Is 122 a multiple of 61?
True
Is 24 a factor of 3264?
True
Does 18 divide 28422?
True
Does 102 divide 8058?
True
Is 98 a multiple of 3?
False
Does 15 divide 3205?
False
Is 4719 a multiple of 11?
True
Is 58 a factor of 388?
False
Is 92 a factor of 9384?
True
Does 2 divide 219?
False
Is 292 a multiple of 45?
False
Is 4 a factor of 5221?
False
Does 5 divide 745?
True
Is 5725 a multiple of 14?
False
Is 34378 a multiple of 74?
False
Is 9 a factor of 7333?
False
Doe